{"id":993,"date":"2022-03-21T15:36:55","date_gmt":"2022-03-21T15:36:55","guid":{"rendered":"https:\/\/sapoproducts.nl\/i-teamwebshop\/?post_type=product&#038;p=993"},"modified":"2025-04-09T08:00:38","modified_gmt":"2025-04-09T08:00:38","slug":"i-dose-schoonwaterreservoir-i-mop-xl-by-i-team","status":"publish","type":"product","link":"https:\/\/sapoproducts.nl\/i-teamwebshop\/product\/i-dose-schoonwaterreservoir-i-mop-xl-by-i-team\/","title":{"rendered":"i-dose &#8211; Schoonwaterreservoir voor i-mop XL by i-team"},"content":{"rendered":"<p>[et_pb_section fb_built=&#8221;1&#8243; _builder_version=&#8221;4.16&#8243; custom_padding=&#8221;0px||||false|false&#8221; global_colors_info=&#8221;{}&#8221;][et_pb_row _builder_version=&#8221;4.16&#8243; background_size=&#8221;initial&#8221; background_position=&#8221;top_left&#8221; background_repeat=&#8221;repeat&#8221; width=&#8221;100%&#8221; custom_padding=&#8221;0px||0px||false|false&#8221; global_colors_info=&#8221;{}&#8221;][et_pb_column type=&#8221;4_4&#8243; _builder_version=&#8221;4.16&#8243; custom_padding=&#8221;|||&#8221; global_colors_info=&#8221;{}&#8221; custom_padding__hover=&#8221;|||&#8221;][et_pb_wc_breadcrumb _builder_version=&#8221;4.16&#8243; global_colors_info=&#8221;{}&#8221;][\/et_pb_wc_breadcrumb][et_pb_wc_cart_notice _builder_version=&#8221;4.16&#8243; global_colors_info=&#8221;{}&#8221;][\/et_pb_wc_cart_notice][\/et_pb_column][\/et_pb_row][et_pb_row column_structure=&#8221;1_2,1_2&#8243; _builder_version=&#8221;4.16&#8243; background_size=&#8221;initial&#8221; background_position=&#8221;top_left&#8221; background_repeat=&#8221;repeat&#8221; width=&#8221;100%&#8221; custom_padding=&#8221;0px||||false|false&#8221; global_colors_info=&#8221;{}&#8221;][et_pb_column type=&#8221;1_2&#8243; _builder_version=&#8221;4.16&#8243; custom_padding=&#8221;|||&#8221; global_colors_info=&#8221;{}&#8221; custom_padding__hover=&#8221;|||&#8221;][et_pb_wc_images _builder_version=&#8221;4.16&#8243; global_colors_info=&#8221;{}&#8221;][\/et_pb_wc_images][\/et_pb_column][et_pb_column type=&#8221;1_2&#8243; _builder_version=&#8221;4.16&#8243; custom_padding=&#8221;|||&#8221; global_colors_info=&#8221;{}&#8221; custom_padding__hover=&#8221;|||&#8221;][et_pb_wc_title _builder_version=&#8221;4.16&#8243; global_colors_info=&#8221;{}&#8221;][\/et_pb_wc_title][et_pb_wc_rating _builder_version=&#8221;4.16&#8243; global_colors_info=&#8221;{}&#8221;][\/et_pb_wc_rating][et_pb_wc_price _builder_version=&#8221;4.16&#8243; global_colors_info=&#8221;{}&#8221;][\/et_pb_wc_price][et_pb_wc_description _builder_version=&#8221;4.16&#8243; global_colors_info=&#8221;{}&#8221;][\/et_pb_wc_description][et_pb_wc_add_to_cart _builder_version=&#8221;4.16&#8243; global_colors_info=&#8221;{}&#8221;][\/et_pb_wc_add_to_cart][et_pb_wc_meta _builder_version=&#8221;4.16&#8243; global_colors_info=&#8221;{}&#8221;][\/et_pb_wc_meta][\/et_pb_column][\/et_pb_row][et_pb_row _builder_version=&#8221;4.16&#8243; background_size=&#8221;initial&#8221; background_position=&#8221;top_left&#8221; background_repeat=&#8221;repeat&#8221; width=&#8221;100%&#8221; global_colors_info=&#8221;{}&#8221;][et_pb_column type=&#8221;4_4&#8243; _builder_version=&#8221;4.16&#8243; custom_padding=&#8221;|||&#8221; global_colors_info=&#8221;{}&#8221; custom_padding__hover=&#8221;|||&#8221;][et_pb_wc_tabs _builder_version=&#8221;4.16&#8243; global_colors_info=&#8221;{}&#8221;]\t\t\t\t\t[\/et_pb_wc_tabs][\/et_pb_column][\/et_pb_row][et_pb_row column_structure=&#8221;1_5,1_5,1_5,1_5,1_5&#8243; _builder_version=&#8221;4.16&#8243; _module_preset=&#8221;default&#8221; width=&#8221;100%&#8221; global_colors_info=&#8221;{}&#8221;][et_pb_column type=&#8221;1_5&#8243; _builder_version=&#8221;4.16&#8243; _module_preset=&#8221;default&#8221; global_colors_info=&#8221;{}&#8221;][et_pb_image src=&#8221;https:\/\/sapoproducts.nl\/i-teamwebshop\/wp-content\/uploads\/2022\/03\/sneller.jpg&#8221; title_text=&#8221;sneller&#8221; _builder_version=&#8221;4.16&#8243; _module_preset=&#8221;default&#8221; global_colors_info=&#8221;{}&#8221;][\/et_pb_image][et_pb_text _builder_version=&#8221;4.16&#8243; _module_preset=&#8221;default&#8221; global_colors_info=&#8221;{}&#8221;]<\/p>\n<p><strong>Sneller<\/strong><\/p>\n<p>Precies de juiste hoeveelheid schoonmaakmiddel in \u00e9\u00e9n eenvoudige handeling. Plaats de capsule in de injector, laat deze open gaan en wacht tot het reinigingsmiddel gaat druppelen. Nooit meer heen en weer lopen voor navullingen. Ervaar het gemak van maar liefst 10 navullingen.<\/p>\n<p>[\/et_pb_text][\/et_pb_column][et_pb_column type=&#8221;1_5&#8243; _builder_version=&#8221;4.16&#8243; _module_preset=&#8221;default&#8221; global_colors_info=&#8221;{}&#8221;][et_pb_image src=&#8221;https:\/\/sapoproducts.nl\/i-teamwebshop\/wp-content\/uploads\/2022\/03\/Schoner.jpg&#8221; title_text=&#8221;Schoner&#8221; _builder_version=&#8221;4.16&#8243; _module_preset=&#8221;default&#8221; global_colors_info=&#8221;{}&#8221;][\/et_pb_image][et_pb_text _builder_version=&#8221;4.16&#8243; _module_preset=&#8221;default&#8221; global_colors_info=&#8221;{}&#8221;]<\/p>\n<p style=\"margin-top: 0cm; background: white;\"><b><span style=\"font-size: 10.5pt; font-family: 'Open Sans',sans-serif; color: #333333;\">Groener<\/span><\/b><\/p>\n<p style=\"margin: 0cm; background: white; box-sizing: border-box;\"><span style=\"font-size: 10.5pt; font-family: 'Open Sans',sans-serif; color: #333333;\">De supergeconcentreerde formule is compleet groen. De plantaardige grondstoffen worden gewonnen met duurzame energie. Na gebruik kunt u het water veilig laten weglopen, omdat de groene formule op natuurlijke wijze wordt afgebroken. De capsules zijn recyclebaar in elke standaard afvalbak voor recycling.<\/span><\/p>\n<p>[\/et_pb_text][\/et_pb_column][et_pb_column type=&#8221;1_5&#8243; _builder_version=&#8221;4.16&#8243; _module_preset=&#8221;default&#8221; global_colors_info=&#8221;{}&#8221;][et_pb_image src=&#8221;https:\/\/sapoproducts.nl\/i-teamwebshop\/wp-content\/uploads\/2022\/03\/Groener.jpg&#8221; title_text=&#8221;Groener&#8221; _builder_version=&#8221;4.16&#8243; _module_preset=&#8221;default&#8221; global_colors_info=&#8221;{}&#8221;][\/et_pb_image][et_pb_text admin_label=&#8221;Tekst&#8221; _builder_version=&#8221;4.16&#8243; _module_preset=&#8221;default&#8221; global_colors_info=&#8221;{}&#8221;]<\/p>\n<p style=\"margin-top: 0cm; background: white;\"><b><span style=\"font-size: 10.5pt; font-family: 'Open Sans',sans-serif; color: #333333;\">Groener<\/span><\/b><\/p>\n<p style=\"margin: 0cm; background: white; box-sizing: border-box;\"><span style=\"font-size: 10.5pt; font-family: 'Open Sans',sans-serif; color: #333333;\">De supergeconcentreerde formule is compleet groen. De plantaardige grondstoffen worden gewonnen met duurzame energie. Na gebruik kunt u het water veilig laten weglopen, omdat de groene formule op natuurlijke wijze wordt afgebroken. De capsules zijn recyclebaar in elke standaard afvalbak voor recycling.<\/span><\/p>\n<p>[\/et_pb_text][\/et_pb_column][et_pb_column type=&#8221;1_5&#8243; _builder_version=&#8221;4.16&#8243; _module_preset=&#8221;default&#8221; global_colors_info=&#8221;{}&#8221;][et_pb_image src=&#8221;https:\/\/sapoproducts.nl\/i-teamwebshop\/wp-content\/uploads\/2022\/03\/Veiliger.jpg&#8221; title_text=&#8221;Veiliger&#8221; _builder_version=&#8221;4.16&#8243; _module_preset=&#8221;default&#8221; global_colors_info=&#8221;{}&#8221;][\/et_pb_image][et_pb_text admin_label=&#8221;Tekst&#8221; _builder_version=&#8221;4.16&#8243; _module_preset=&#8221;default&#8221; global_colors_info=&#8221;{}&#8221;]<\/p>\n<p style=\"margin-top: 0cm; background: white;\"><b><span style=\"font-size: 10.5pt; font-family: 'Open Sans',sans-serif; color: #333333;\">Veiliger<\/span><\/b><\/p>\n<p style=\"margin: 0cm; background: white; box-sizing: border-box;\"><span style=\"font-size: 10.5pt; font-family: 'Open Sans',sans-serif; color: #333333;\">Te veel doseren is verleden tijd, net als gladde vloeren. i-dose is reukloos en dus veilig te gebruiken in de voedingsindustrie en rondom mensen met allergie\u00ebn. Omdat u de chemicali\u00ebn nooit hoeft aan te raken, krijgt u geen restanten op uw handen.<\/span><\/p>\n<p>[\/et_pb_text][\/et_pb_column][et_pb_column type=&#8221;1_5&#8243; _builder_version=&#8221;4.16&#8243; _module_preset=&#8221;default&#8221; global_colors_info=&#8221;{}&#8221;][et_pb_image src=&#8221;https:\/\/sapoproducts.nl\/i-teamwebshop\/wp-content\/uploads\/2022\/03\/Beter-voor-iedereen.jpg&#8221; title_text=&#8221;Beter voor iedereen&#8221; _builder_version=&#8221;4.16&#8243; _module_preset=&#8221;default&#8221; global_colors_info=&#8221;{}&#8221;][\/et_pb_image][et_pb_text admin_label=&#8221;Tekst&#8221; _builder_version=&#8221;4.16&#8243; _module_preset=&#8221;default&#8221; global_colors_info=&#8221;{}&#8221;]<\/p>\n<p style=\"margin-top: 0cm; background: white;\"><b><span style=\"font-size: 10.5pt; font-family: 'Open Sans',sans-serif; color: #333333;\">Beter voor iedereen<\/span><\/b><\/p>\n<p style=\"margin: 0cm; background: white; box-sizing: border-box;\"><span style=\"font-size: 10.5pt; font-family: 'Open Sans',sans-serif; color: #333333;\">Deze ideale en hoogwaardige reinigingsformule kan in \u00e9\u00e9n snelle en eenvoudige handeling worden gebruikt. Gebruiksvriendelijk voor de schoonmaker, smetteloze resultaten en onschadelijk voor het milieu.<\/span><\/p>\n<p>[\/et_pb_text][\/et_pb_column][\/et_pb_row][et_pb_row _builder_version=&#8221;4.16&#8243; _module_preset=&#8221;default&#8221; width=&#8221;100%&#8221; global_colors_info=&#8221;{}&#8221;][et_pb_column type=&#8221;4_4&#8243; _builder_version=&#8221;4.16&#8243; _module_preset=&#8221;default&#8221; global_colors_info=&#8221;{}&#8221;][et_pb_wc_related_products _builder_version=&#8221;4.16&#8243; global_colors_info=&#8221;{}&#8221;][\/et_pb_wc_related_products][et_pb_wc_upsells _builder_version=&#8221;4.16&#8243; global_colors_info=&#8221;{}&#8221;][\/et_pb_wc_upsells][\/et_pb_column][\/et_pb_row][\/et_pb_section]<\/p>\n","protected":false},"excerpt":{"rendered":"<p>De i-dose reinigingsset is ontworpen voor gebruik met de i-mop, waardoor de mechanische kracht van de automatische schrobmachine ten volle wordt benut voor superieure resultaten. Alle i-dose formules<br \/>\nzijn laagschuimend en niet-corrosief. Zo garanderen ze een betrouwbare werking en stellen ze een nieuwe norm op het gebied van milieu, gezondheid en veiligheid.<\/p>\n","protected":false},"featured_media":987,"comment_status":"open","ping_status":"closed","template":"","meta":{"_et_pb_use_builder":"on","_et_pb_old_content":"<h3><strong>Uw i-mop upgraden<\/strong><\/h3>\r\nAls het op een betere manier kan, dan vinden we die! De gloednieuwe i-dose upgradeset voor de i-mop is het resultaat van onze nimmer aflatende wens tot innoveren. Geen standaard schoonmaakmiddelen meer en niet langer ineffici\u00ebnt heen en weer lopen voor bijvullen. Met de i-dose reinigingscapsules verandert uw schoonmaakwerk radicaal.\r\n<blockquote>\r\n<h3>Perfecte dosering, elke keer!<\/h3>\r\n<\/blockquote>\r\n<strong>Zo werkt het<\/strong>\r\n\r\nDe i-dose startset bevat alles wat u nodig hebt om de i-mop te upgraden. Het is een eenmalige investering in i-dose reinigingscapsules, waarna u minder tijd kwijt bent en het milieu spaart. Gewoon de capsule plaatsen en wachten tot de vloeistof in het water druppelt.\r\n\r\n<strong>i-dose injector<\/strong>\r\nDe injector wordt op de bovenste poort van het nieuwe i-dose oplossingsreservoir geplaatst. Zet de capsule hierin en sluit de dop. De injector doorboort de cup met precies de juiste druk en de vloeistof\r\nverspreidt zich gelijkmatig in het oplossingsreservoir.\r\n\r\n<strong>i-dose reinigingscapsules\r\n<\/strong>Onze supergeconcentreerdereinigingsformule past in \u00e9\u00e9n capsule. E\u00e9n capsule is precies de juiste hoeveelheid voor de inhoud van \u00e9\u00e9n i-dose oplossingsreservoir. De startset bevat een assortiment uit ons huidige aanbod. Kies de juiste capsule voor uw schoonmaaktaak en ga aan de slag.\r\n\r\n<strong>i-dose oplossingsreservoir\r\n<\/strong>Handig voorzien van een zijaansluiting om water bij te vullen zonder de injector te verwijderen. U kunt gemakkelijk het reservoir vast- en losklikken zoals u gewend bent.\r\n\r\n<strong>i-dose reinigingscapsulehouder\r\n<\/strong>Bevat maximaal 10 navullingen voor i-dose reinigingscapsules, zodat u overal kunt bijvullen. De houder voor de reinigingscapsules past aan de binnenkant van het oplossingsreservoir.\r\n\r\n&nbsp;","_et_gb_content_width":"","_monsterinsights_skip_tracking":false,"_monsterinsights_sitenote_active":false,"_monsterinsights_sitenote_note":"","_monsterinsights_sitenote_category":0},"product_brand":[],"product_cat":[93],"product_tag":[],"class_list":{"0":"post-993","1":"product","2":"type-product","3":"status-publish","4":"has-post-thumbnail","6":"product_cat-i-dose-99","8":"first","9":"instock","10":"taxable","11":"shipping-taxable","12":"purchasable","13":"product-type-simple"},"yoast_head":"<!-- This site is optimized with the Yoast SEO plugin v27.5 - https:\/\/yoast.com\/product\/yoast-seo-wordpress\/ -->\n<title>i-dose - Schoonwaterreservoir voor i-mop XL by i-team - Offici\u00eble partner i-teamwebshop by SAPO Products<\/title>\n<meta name=\"robots\" content=\"index, follow, max-snippet:-1, max-image-preview:large, max-video-preview:-1\" \/>\n<link rel=\"canonical\" href=\"https:\/\/sapoproducts.nl\/i-teamwebshop\/product\/i-dose-schoonwaterreservoir-i-mop-xl-by-i-team\/\" \/>\n<meta property=\"og:locale\" content=\"nl_NL\" \/>\n<meta property=\"og:type\" content=\"article\" \/>\n<meta property=\"og:title\" content=\"i-dose - Schoonwaterreservoir voor i-mop XL by i-team - Offici\u00eble partner i-teamwebshop by SAPO Products\" \/>\n<meta property=\"og:description\" content=\"De i-dose reinigingsset is ontworpen voor gebruik met de i-mop, waardoor de mechanische kracht van de automatische schrobmachine ten volle wordt benut voor superieure resultaten. Alle i-dose formules zijn laagschuimend en niet-corrosief. Zo garanderen ze een betrouwbare werking en stellen ze een nieuwe norm op het gebied van milieu, gezondheid en veiligheid.\" \/>\n<meta property=\"og:url\" content=\"https:\/\/sapoproducts.nl\/i-teamwebshop\/product\/i-dose-schoonwaterreservoir-i-mop-xl-by-i-team\/\" \/>\n<meta property=\"og:site_name\" content=\"Offici\u00eble partner i-teamwebshop by SAPO Products\" \/>\n<meta property=\"article:modified_time\" content=\"2025-04-09T08:00:38+00:00\" \/>\n<meta property=\"og:image\" content=\"https:\/\/sapoproducts.nl\/i-teamwebshop\/wp-content\/uploads\/2022\/02\/injector-3.jpg\" \/>\n\t<meta property=\"og:image:width\" content=\"800\" \/>\n\t<meta property=\"og:image:height\" content=\"800\" \/>\n\t<meta property=\"og:image:type\" content=\"image\/jpeg\" \/>\n<meta name=\"twitter:card\" content=\"summary_large_image\" \/>\n<meta name=\"twitter:label1\" content=\"Geschatte leestijd\" \/>\n\t<meta name=\"twitter:data1\" content=\"3 minuten\" \/>\n<script type=\"application\/ld+json\" class=\"yoast-schema-graph\">{\"@context\":\"https:\\\/\\\/schema.org\",\"@graph\":[{\"@type\":\"WebPage\",\"@id\":\"https:\\\/\\\/sapoproducts.nl\\\/i-teamwebshop\\\/product\\\/i-dose-schoonwaterreservoir-i-mop-xl-by-i-team\\\/\",\"url\":\"https:\\\/\\\/sapoproducts.nl\\\/i-teamwebshop\\\/product\\\/i-dose-schoonwaterreservoir-i-mop-xl-by-i-team\\\/\",\"name\":\"i-dose - Schoonwaterreservoir voor i-mop XL by i-team - Offici\u00eble partner i-teamwebshop by SAPO Products\",\"isPartOf\":{\"@id\":\"https:\\\/\\\/sapoproducts.nl\\\/i-teamwebshop\\\/#website\"},\"primaryImageOfPage\":{\"@id\":\"https:\\\/\\\/sapoproducts.nl\\\/i-teamwebshop\\\/product\\\/i-dose-schoonwaterreservoir-i-mop-xl-by-i-team\\\/#primaryimage\"},\"image\":{\"@id\":\"https:\\\/\\\/sapoproducts.nl\\\/i-teamwebshop\\\/product\\\/i-dose-schoonwaterreservoir-i-mop-xl-by-i-team\\\/#primaryimage\"},\"thumbnailUrl\":\"https:\\\/\\\/sapoproducts.nl\\\/i-teamwebshop\\\/wp-content\\\/uploads\\\/2022\\\/02\\\/injector-3.jpg\",\"datePublished\":\"2022-03-21T15:36:55+00:00\",\"dateModified\":\"2025-04-09T08:00:38+00:00\",\"breadcrumb\":{\"@id\":\"https:\\\/\\\/sapoproducts.nl\\\/i-teamwebshop\\\/product\\\/i-dose-schoonwaterreservoir-i-mop-xl-by-i-team\\\/#breadcrumb\"},\"inLanguage\":\"nl-NL\",\"potentialAction\":[{\"@type\":\"ReadAction\",\"target\":[\"https:\\\/\\\/sapoproducts.nl\\\/i-teamwebshop\\\/product\\\/i-dose-schoonwaterreservoir-i-mop-xl-by-i-team\\\/\"]}]},{\"@type\":\"ImageObject\",\"inLanguage\":\"nl-NL\",\"@id\":\"https:\\\/\\\/sapoproducts.nl\\\/i-teamwebshop\\\/product\\\/i-dose-schoonwaterreservoir-i-mop-xl-by-i-team\\\/#primaryimage\",\"url\":\"https:\\\/\\\/sapoproducts.nl\\\/i-teamwebshop\\\/wp-content\\\/uploads\\\/2022\\\/02\\\/injector-3.jpg\",\"contentUrl\":\"https:\\\/\\\/sapoproducts.nl\\\/i-teamwebshop\\\/wp-content\\\/uploads\\\/2022\\\/02\\\/injector-3.jpg\",\"width\":800,\"height\":800},{\"@type\":\"BreadcrumbList\",\"@id\":\"https:\\\/\\\/sapoproducts.nl\\\/i-teamwebshop\\\/product\\\/i-dose-schoonwaterreservoir-i-mop-xl-by-i-team\\\/#breadcrumb\",\"itemListElement\":[{\"@type\":\"ListItem\",\"position\":1,\"name\":\"Home\",\"item\":\"https:\\\/\\\/sapoproducts.nl\\\/i-teamwebshop\\\/\"},{\"@type\":\"ListItem\",\"position\":2,\"name\":\"Shop\",\"item\":\"https:\\\/\\\/sapoproducts.nl\\\/i-teamwebshop\\\/shop\\\/\"},{\"@type\":\"ListItem\",\"position\":3,\"name\":\"i-dose &#8211; Schoonwaterreservoir voor i-mop XL by i-team\"}]},{\"@type\":\"WebSite\",\"@id\":\"https:\\\/\\\/sapoproducts.nl\\\/i-teamwebshop\\\/#website\",\"url\":\"https:\\\/\\\/sapoproducts.nl\\\/i-teamwebshop\\\/\",\"name\":\"Offici\u00eble partner i-teamwebshop by SAPO Products\",\"description\":\"Offici\u00eble i-team partner webshop\",\"publisher\":{\"@id\":\"https:\\\/\\\/sapoproducts.nl\\\/i-teamwebshop\\\/#organization\"},\"potentialAction\":[{\"@type\":\"SearchAction\",\"target\":{\"@type\":\"EntryPoint\",\"urlTemplate\":\"https:\\\/\\\/sapoproducts.nl\\\/i-teamwebshop\\\/?s={search_term_string}\"},\"query-input\":{\"@type\":\"PropertyValueSpecification\",\"valueRequired\":true,\"valueName\":\"search_term_string\"}}],\"inLanguage\":\"nl-NL\"},{\"@type\":\"Organization\",\"@id\":\"https:\\\/\\\/sapoproducts.nl\\\/i-teamwebshop\\\/#organization\",\"name\":\"i-teamwebshop by SAPO\",\"url\":\"https:\\\/\\\/sapoproducts.nl\\\/i-teamwebshop\\\/\",\"logo\":{\"@type\":\"ImageObject\",\"inLanguage\":\"nl-NL\",\"@id\":\"https:\\\/\\\/sapoproducts.nl\\\/i-teamwebshop\\\/#\\\/schema\\\/logo\\\/image\\\/\",\"url\":\"https:\\\/\\\/sapoproducts.nl\\\/i-teamwebshop\\\/wp-content\\\/uploads\\\/2023\\\/05\\\/logo-i-team.jpg\",\"contentUrl\":\"https:\\\/\\\/sapoproducts.nl\\\/i-teamwebshop\\\/wp-content\\\/uploads\\\/2023\\\/05\\\/logo-i-team.jpg\",\"width\":380,\"height\":325,\"caption\":\"i-teamwebshop by SAPO\"},\"image\":{\"@id\":\"https:\\\/\\\/sapoproducts.nl\\\/i-teamwebshop\\\/#\\\/schema\\\/logo\\\/image\\\/\"}}]}<\/script>\n<!-- \/ Yoast SEO plugin. -->","yoast_head_json":{"title":"i-dose - Schoonwaterreservoir voor i-mop XL by i-team - Offici\u00eble partner i-teamwebshop by SAPO Products","robots":{"index":"index","follow":"follow","max-snippet":"max-snippet:-1","max-image-preview":"max-image-preview:large","max-video-preview":"max-video-preview:-1"},"canonical":"https:\/\/sapoproducts.nl\/i-teamwebshop\/product\/i-dose-schoonwaterreservoir-i-mop-xl-by-i-team\/","og_locale":"nl_NL","og_type":"article","og_title":"i-dose - Schoonwaterreservoir voor i-mop XL by i-team - Offici\u00eble partner i-teamwebshop by SAPO Products","og_description":"De i-dose reinigingsset is ontworpen voor gebruik met de i-mop, waardoor de mechanische kracht van de automatische schrobmachine ten volle wordt benut voor superieure resultaten. Alle i-dose formules zijn laagschuimend en niet-corrosief. Zo garanderen ze een betrouwbare werking en stellen ze een nieuwe norm op het gebied van milieu, gezondheid en veiligheid.","og_url":"https:\/\/sapoproducts.nl\/i-teamwebshop\/product\/i-dose-schoonwaterreservoir-i-mop-xl-by-i-team\/","og_site_name":"Offici\u00eble partner i-teamwebshop by SAPO Products","article_modified_time":"2025-04-09T08:00:38+00:00","og_image":[{"width":800,"height":800,"url":"https:\/\/sapoproducts.nl\/i-teamwebshop\/wp-content\/uploads\/2022\/02\/injector-3.jpg","type":"image\/jpeg"}],"twitter_card":"summary_large_image","twitter_misc":{"Geschatte leestijd":"3 minuten"},"schema":{"@context":"https:\/\/schema.org","@graph":[{"@type":"WebPage","@id":"https:\/\/sapoproducts.nl\/i-teamwebshop\/product\/i-dose-schoonwaterreservoir-i-mop-xl-by-i-team\/","url":"https:\/\/sapoproducts.nl\/i-teamwebshop\/product\/i-dose-schoonwaterreservoir-i-mop-xl-by-i-team\/","name":"i-dose - Schoonwaterreservoir voor i-mop XL by i-team - Offici\u00eble partner i-teamwebshop by SAPO Products","isPartOf":{"@id":"https:\/\/sapoproducts.nl\/i-teamwebshop\/#website"},"primaryImageOfPage":{"@id":"https:\/\/sapoproducts.nl\/i-teamwebshop\/product\/i-dose-schoonwaterreservoir-i-mop-xl-by-i-team\/#primaryimage"},"image":{"@id":"https:\/\/sapoproducts.nl\/i-teamwebshop\/product\/i-dose-schoonwaterreservoir-i-mop-xl-by-i-team\/#primaryimage"},"thumbnailUrl":"https:\/\/sapoproducts.nl\/i-teamwebshop\/wp-content\/uploads\/2022\/02\/injector-3.jpg","datePublished":"2022-03-21T15:36:55+00:00","dateModified":"2025-04-09T08:00:38+00:00","breadcrumb":{"@id":"https:\/\/sapoproducts.nl\/i-teamwebshop\/product\/i-dose-schoonwaterreservoir-i-mop-xl-by-i-team\/#breadcrumb"},"inLanguage":"nl-NL","potentialAction":[{"@type":"ReadAction","target":["https:\/\/sapoproducts.nl\/i-teamwebshop\/product\/i-dose-schoonwaterreservoir-i-mop-xl-by-i-team\/"]}]},{"@type":"ImageObject","inLanguage":"nl-NL","@id":"https:\/\/sapoproducts.nl\/i-teamwebshop\/product\/i-dose-schoonwaterreservoir-i-mop-xl-by-i-team\/#primaryimage","url":"https:\/\/sapoproducts.nl\/i-teamwebshop\/wp-content\/uploads\/2022\/02\/injector-3.jpg","contentUrl":"https:\/\/sapoproducts.nl\/i-teamwebshop\/wp-content\/uploads\/2022\/02\/injector-3.jpg","width":800,"height":800},{"@type":"BreadcrumbList","@id":"https:\/\/sapoproducts.nl\/i-teamwebshop\/product\/i-dose-schoonwaterreservoir-i-mop-xl-by-i-team\/#breadcrumb","itemListElement":[{"@type":"ListItem","position":1,"name":"Home","item":"https:\/\/sapoproducts.nl\/i-teamwebshop\/"},{"@type":"ListItem","position":2,"name":"Shop","item":"https:\/\/sapoproducts.nl\/i-teamwebshop\/shop\/"},{"@type":"ListItem","position":3,"name":"i-dose &#8211; Schoonwaterreservoir voor i-mop XL by i-team"}]},{"@type":"WebSite","@id":"https:\/\/sapoproducts.nl\/i-teamwebshop\/#website","url":"https:\/\/sapoproducts.nl\/i-teamwebshop\/","name":"Offici\u00eble partner i-teamwebshop by SAPO Products","description":"Offici\u00eble i-team partner webshop","publisher":{"@id":"https:\/\/sapoproducts.nl\/i-teamwebshop\/#organization"},"potentialAction":[{"@type":"SearchAction","target":{"@type":"EntryPoint","urlTemplate":"https:\/\/sapoproducts.nl\/i-teamwebshop\/?s={search_term_string}"},"query-input":{"@type":"PropertyValueSpecification","valueRequired":true,"valueName":"search_term_string"}}],"inLanguage":"nl-NL"},{"@type":"Organization","@id":"https:\/\/sapoproducts.nl\/i-teamwebshop\/#organization","name":"i-teamwebshop by SAPO","url":"https:\/\/sapoproducts.nl\/i-teamwebshop\/","logo":{"@type":"ImageObject","inLanguage":"nl-NL","@id":"https:\/\/sapoproducts.nl\/i-teamwebshop\/#\/schema\/logo\/image\/","url":"https:\/\/sapoproducts.nl\/i-teamwebshop\/wp-content\/uploads\/2023\/05\/logo-i-team.jpg","contentUrl":"https:\/\/sapoproducts.nl\/i-teamwebshop\/wp-content\/uploads\/2023\/05\/logo-i-team.jpg","width":380,"height":325,"caption":"i-teamwebshop by SAPO"},"image":{"@id":"https:\/\/sapoproducts.nl\/i-teamwebshop\/#\/schema\/logo\/image\/"}}]}},"_links":{"self":[{"href":"https:\/\/sapoproducts.nl\/i-teamwebshop\/wp-json\/wp\/v2\/product\/993","targetHints":{"allow":["GET"]}}],"collection":[{"href":"https:\/\/sapoproducts.nl\/i-teamwebshop\/wp-json\/wp\/v2\/product"}],"about":[{"href":"https:\/\/sapoproducts.nl\/i-teamwebshop\/wp-json\/wp\/v2\/types\/product"}],"replies":[{"embeddable":true,"href":"https:\/\/sapoproducts.nl\/i-teamwebshop\/wp-json\/wp\/v2\/comments?post=993"}],"wp:featuredmedia":[{"embeddable":true,"href":"https:\/\/sapoproducts.nl\/i-teamwebshop\/wp-json\/wp\/v2\/media\/987"}],"wp:attachment":[{"href":"https:\/\/sapoproducts.nl\/i-teamwebshop\/wp-json\/wp\/v2\/media?parent=993"}],"wp:term":[{"taxonomy":"product_brand","embeddable":true,"href":"https:\/\/sapoproducts.nl\/i-teamwebshop\/wp-json\/wp\/v2\/product_brand?post=993"},{"taxonomy":"product_cat","embeddable":true,"href":"https:\/\/sapoproducts.nl\/i-teamwebshop\/wp-json\/wp\/v2\/product_cat?post=993"},{"taxonomy":"product_tag","embeddable":true,"href":"https:\/\/sapoproducts.nl\/i-teamwebshop\/wp-json\/wp\/v2\/product_tag?post=993"}],"curies":[{"name":"wp","href":"https:\/\/api.w.org\/{rel}","templated":true}]}}